{"id":43,"date":"2023-07-01T00:01:00","date_gmt":"2023-07-01T00:01:00","guid":{"rendered":"https:\/\/www.lechner-service.at\/page\/?page_id=43"},"modified":"2024-03-24T13:45:31","modified_gmt":"2024-03-24T12:45:31","slug":"sonnenschutz-2","status":"publish","type":"page","link":"https:\/\/www.lechner-service.at\/page\/sonnenschutz-2\/","title":{"rendered":"Sonnenschutz"},"content":{"rendered":"\t\t\t\t\t<div\n\t\t\t\t\t\tclass=\"wp-block-uagb-image-gallery uagb-block-6481bb01     \"\n\t\t\t\t\t\tstyle=\"\"\n\t\t\t\t\t>\n\t\t\t\t\t\t\t\t\t\t\t<div class=\"spectra-image-gallery spectra-image-gallery__layout--grid spectra-image-gallery__layout--grid-col-3 spectra-image-gallery__layout--grid-col-tab-3 spectra-image-gallery__layout--grid-col-mob-2\">\n\t\t\t\t\t\t\t\t\t\t\t<div class='spectra-image-gallery__media-wrapper' data-spectra-gallery-image-id='594'>\n\t\t\t\t\t\t\t<div class=\"spectra-image-gallery__media spectra-image-gallery__media--grid\">\n\t\t\t\t<picture>\n\t\t\t\t\t<source media=\"(min-width: 1024px)\" srcset=\"https:\/\/www.lechner-service.at\/page\/wp-content\/uploads\/2023\/11\/Flaechenvorhang-Rollo_0919_005-1024x683.jpg\">\n\t\t\t\t\t<source media=\"(min-width: 768px)\" srcset=\"https:\/\/www.lechner-service.at\/page\/wp-content\/uploads\/2023\/11\/Flaechenvorhang-Rollo_0919_005-1024x683.jpg\">\n\t\t\t\t\t<img decoding=\"async\" class=\"spectra-image-gallery__media-thumbnail spectra-image-gallery__media-thumbnail--grid\" src=\"https:\/\/www.lechner-service.at\/page\/wp-content\/uploads\/2023\/11\/Flaechenvorhang-Rollo_0919_005-300x200.jpg\" alt=\"\" loading=\"lazy\" \/>\n\t\t\t\t<\/picture>\n\t\t\t\t<div class=\"spectra-image-gallery__media-thumbnail-blurrer\"><\/div>\n\t\t\t\t\t\t\t\t\t\t\t<div class=\"spectra-image-gallery__media-thumbnail-caption-wrapper spectra-image-gallery__media-thumbnail-caption-wrapper--overlay\">\n\t\t\t\t\t\t\t\t\t\t\t<div class=\"spectra-image-gallery__media-thumbnail-caption spectra-image-gallery__media-thumbnail-caption--overlay\">\n\t\t\t\t\t<a href=\"https:\/\/www.lechner-service.at\/page\/innen\/\" title=\"Innen\">Innenbeschattung<\/a>\t\t\t\t<\/div>\n\t\t\t\t\t\t\t\t\t\t<\/div>\n\t\t\t\t\t\t\t\t\t<\/div>\n\t\t\t\t\t\t<\/div>\n\t\t\t\t\t\t<div class='spectra-image-gallery__media-wrapper' data-spectra-gallery-image-id='474'>\n\t\t\t\t\t\t\t<div class=\"spectra-image-gallery__media spectra-image-gallery__media--grid\">\n\t\t\t\t<picture>\n\t\t\t\t\t<source media=\"(min-width: 1024px)\" srcset=\"https:\/\/www.lechner-service.at\/page\/wp-content\/uploads\/2023\/11\/Fensterladen-1024x466.jpg\">\n\t\t\t\t\t<source media=\"(min-width: 768px)\" srcset=\"https:\/\/www.lechner-service.at\/page\/wp-content\/uploads\/2023\/11\/Fensterladen-1024x466.jpg\">\n\t\t\t\t\t<img decoding=\"async\" class=\"spectra-image-gallery__media-thumbnail spectra-image-gallery__media-thumbnail--grid\" src=\"https:\/\/www.lechner-service.at\/page\/wp-content\/uploads\/2023\/11\/Fensterladen-300x137.jpg\" alt=\"\" loading=\"lazy\" \/>\n\t\t\t\t<\/picture>\n\t\t\t\t<div class=\"spectra-image-gallery__media-thumbnail-blurrer\"><\/div>\n\t\t\t\t\t\t\t\t\t\t\t<div class=\"spectra-image-gallery__media-thumbnail-caption-wrapper spectra-image-gallery__media-thumbnail-caption-wrapper--overlay\">\n\t\t\t\t\t\t\t\t\t\t\t<div class=\"spectra-image-gallery__media-thumbnail-caption spectra-image-gallery__media-thumbnail-caption--overlay\">\n\t\t\t\t\t<a href=\"https:\/\/www.lechner-service.at\/page\/aussen\/\" title=\"Au\u00dfen\">Au\u00dfenbeschattung<\/a>\t\t\t\t<\/div>\n\t\t\t\t\t\t\t\t\t\t<\/div>\n\t\t\t\t\t\t\t\t\t<\/div>\n\t\t\t\t\t\t<\/div>\n\t\t\t\t\t\t<div class='spectra-image-gallery__media-wrapper' data-spectra-gallery-image-id='569'>\n\t\t\t\t\t\t\t<div class=\"spectra-image-gallery__media spectra-image-gallery__media--grid\">\n\t\t\t\t<picture>\n\t\t\t\t\t<source media=\"(min-width: 1024px)\" srcset=\"https:\/\/www.lechner-service.at\/page\/wp-content\/uploads\/2023\/11\/FL-M2-Tuer-M2-Tuer_Markise_hellbraun_2500x1875px-1024x768.jpg\">\n\t\t\t\t\t<source media=\"(min-width: 768px)\" srcset=\"https:\/\/www.lechner-service.at\/page\/wp-content\/uploads\/2023\/11\/FL-M2-Tuer-M2-Tuer_Markise_hellbraun_2500x1875px-1024x768.jpg\">\n\t\t\t\t\t<img decoding=\"async\" class=\"spectra-image-gallery__media-thumbnail spectra-image-gallery__media-thumbnail--grid\" src=\"https:\/\/www.lechner-service.at\/page\/wp-content\/uploads\/2023\/11\/FL-M2-Tuer-M2-Tuer_Markise_hellbraun_2500x1875px-300x225.jpg\" alt=\"\" loading=\"lazy\" \/>\n\t\t\t\t<\/picture>\n\t\t\t\t<div class=\"spectra-image-gallery__media-thumbnail-blurrer\"><\/div>\n\t\t\t\t\t\t\t\t\t\t\t<div class=\"spectra-image-gallery__media-thumbnail-caption-wrapper spectra-image-gallery__media-thumbnail-caption-wrapper--overlay\">\n\t\t\t\t\t\t\t\t\t\t\t<div class=\"spectra-image-gallery__media-thumbnail-caption spectra-image-gallery__media-thumbnail-caption--overlay\">\n\t\t\t\t\t<a href=\"https:\/\/www.lechner-service.at\/page\/terrasse\/\" title=\"Terrasse\">Terassenbeschattung<\/a>\t\t\t\t<\/div>\n\t\t\t\t\t\t\t\t\t\t<\/div>\n\t\t\t\t\t\t\t\t\t<\/div>\n\t\t\t\t\t\t<\/div>\n\t\t\t\t\t\t\t\t\t\t<\/div>\n\t\t\t\t\t\t\t\t\t\t\t\t\t\t\t\t\t\t<\/div>\n\t\t\t\t\t\t\t\t\t\n\n\n<div class=\"wp-block-columns is-layout-flex wp-container-core-columns-is-layout-28f84493 wp-block-columns-is-layout-flex\">\n<div class=\"wp-block-column is-layout-flow wp-block-column-is-layout-flow\">\n<h3 class=\"wp-block-heading\">Sonne und Schatten nach Ma\u00df<\/h3>\n\n\n\n<p>So sch\u00f6n der Sommer ist: Wird die Hitze unertr\u00e4glich, ist angenehmer Schatten hei\u00df begehrt. Ein&nbsp;<strong>hochwertiger Sonnenschutz<\/strong>&nbsp;ist Gold wert, wenn die Temperaturen steigen. Genie\u00dfen Sie unbeschwerte Stunden auf Ihrem Balkon oder Ihrer Terrasse, w\u00e4hrend wir uns um den Rest k\u00fcmmern. <br>Sonnenschutz ist genauso vielf\u00e4ltig wie die&nbsp;<strong>individuellen Bed\u00fcrfnisse<\/strong>&nbsp;eines jeden Einzelnen und unser&nbsp;<a href=\"https:\/\/www.lechner-service.at\/page\/ueber-uns\/\">Familienbetrieb<\/a>&nbsp;unterst\u00fctzt Sie dabei, den passenden f\u00fcr Ihr Zuhause zu finden.<\/p>\n\n\n\n<p>Vertrauen Sie auf unsere Expertise und lassen Sie uns Ihre Beschattungsprobleme l\u00f6sen.\u00a0<a href=\"https:\/\/www.lechner-service.at\/page\/kontakt\/\">Kontaktieren\u00a0<\/a>Sie uns noch heute, um mehr \u00fcber unsere Beschattungssysteme zu erfahren und einen Termin zu vereinbaren. Wir freuen uns darauf, Ihnen\u00a0zu\u00a0helfen!<\/p>\n<\/div>\n<\/div>\n","protected":false},"excerpt":{"rendered":"<p>Sonne und Schatten nach Ma\u00df So sch\u00f6n der Sommer ist: Wird die Hitze unertr\u00e4glich, ist angenehmer Schatten hei\u00df begehrt. Ein&nbsp;hochwertiger Sonnenschutz&nbsp;ist Gold wert, wenn die Temperaturen steigen. Genie\u00dfen Sie unbeschwerte Stunden auf Ihrem Balkon oder Ihrer Terrasse, w\u00e4hrend wir uns um den Rest k\u00fcmmern. Sonnenschutz ist genauso vielf\u00e4ltig wie die&nbsp;individuellen Bed\u00fcrfnisse&nbsp;eines jeden Einzelnen und unser&nbsp;Familienbetrieb&nbsp;unterst\u00fctzt &hellip;<\/p>\n<p class=\"read-more\"> <a class=\"\" href=\"https:\/\/www.lechner-service.at\/page\/sonnenschutz-2\/\"> <span class=\"screen-reader-text\">Sonnenschutz<\/span> Weiterlesen &raquo;<\/a><\/p>\n","protected":false},"author":1,"featured_media":0,"parent":0,"menu_order":0,"comment_status":"closed","ping_status":"closed","template":"","meta":{"_uag_custom_page_level_css":"","site-sidebar-layout":"default","site-content-layout":"","ast-site-content-layout":"","site-content-style":"default","site-sidebar-style":"default","ast-global-header-display":"","ast-banner-title-visibility":"","ast-main-header-display":"","ast-hfb-above-header-display":"","ast-hfb-below-header-display":"","ast-hfb-mobile-header-display":"","site-post-title":"","ast-breadcrumbs-content":"","ast-featured-img":"","footer-sml-layout":"","theme-transparent-header-meta":"","adv-header-id-meta":"","stick-header-meta":"","header-above-stick-meta":"","header-main-stick-meta":"","header-below-stick-meta":"","astra-migrate-meta-layouts":"default","ast-page-background-enabled":"default","ast-page-background-meta":{"desktop":{"background-color":"var(--ast-global-color-4)","background-image":"","background-repeat":"repeat","background-position":"center center","background-size":"auto","background-attachment":"scroll","background-type":"","background-media":"","overlay-type":"","overlay-color":"","overlay-gradient":""},"tablet":{"background-color":"","background-image":"","background-repeat":"repeat","background-position":"center center","background-size":"auto","background-attachment":"scroll","background-type":"","background-media":"","overlay-type":"","overlay-color":"","overlay-gradient":""},"mobile":{"background-color":"","background-image":"","background-repeat":"repeat","background-position":"center center","background-size":"auto","background-attachment":"scroll","background-type":"","background-media":"","overlay-type":"","overlay-color":"","overlay-gradient":""}},"ast-content-background-meta":{"desktop":{"background-color":"var(--ast-global-color-5)","background-image":"","background-repeat":"repeat","background-position":"center center","background-size":"auto","background-attachment":"scroll","background-type":"","background-media":"","overlay-type":"","overlay-color":"","overlay-gradient":""},"tablet":{"background-color":"var(--ast-global-color-5)","background-image":"","background-repeat":"repeat","background-position":"center center","background-size":"auto","background-attachment":"scroll","background-type":"","background-media":"","overlay-type":"","overlay-color":"","overlay-gradient":""},"mobile":{"background-color":"var(--ast-global-color-5)","background-image":"","background-repeat":"repeat","background-position":"center center","background-size":"auto","background-attachment":"scroll","background-type":"","background-media":"","overlay-type":"","overlay-color":"","overlay-gradient":""}},"footnotes":""},"class_list":["post-43","page","type-page","status-publish","hentry"],"aioseo_notices":[],"uagb_featured_image_src":{"full":false,"thumbnail":false,"medium":false,"medium_large":false,"large":false,"1536x1536":false,"2048x2048":false},"uagb_author_info":{"display_name":"admin","author_link":"https:\/\/www.lechner-service.at\/page\/author\/admin\/"},"uagb_comment_info":0,"uagb_excerpt":"Sonne und Schatten nach Ma\u00df So sch\u00f6n der Sommer ist: Wird die Hitze unertr\u00e4glich, ist angenehmer Schatten hei\u00df begehrt. Ein&nbsp;hochwertiger Sonnenschutz&nbsp;ist Gold wert, wenn die Temperaturen steigen. Genie\u00dfen Sie unbeschwerte Stunden auf Ihrem Balkon oder Ihrer Terrasse, w\u00e4hrend wir uns um den Rest k\u00fcmmern. Sonnenschutz ist genauso vielf\u00e4ltig wie die&nbsp;individuellen Bed\u00fcrfnisse&nbsp;eines jeden Einzelnen und unser&nbsp;Familienbetrieb&nbsp;unterst\u00fctzt&hellip;","_links":{"self":[{"href":"https:\/\/www.lechner-service.at\/page\/wp-json\/wp\/v2\/pages\/43","targetHints":{"allow":["GET"]}}],"collection":[{"href":"https:\/\/www.lechner-service.at\/page\/wp-json\/wp\/v2\/pages"}],"about":[{"href":"https:\/\/www.lechner-service.at\/page\/wp-json\/wp\/v2\/types\/page"}],"author":[{"embeddable":true,"href":"https:\/\/www.lechner-service.at\/page\/wp-json\/wp\/v2\/users\/1"}],"replies":[{"embeddable":true,"href":"https:\/\/www.lechner-service.at\/page\/wp-json\/wp\/v2\/comments?post=43"}],"version-history":[{"count":13,"href":"https:\/\/www.lechner-service.at\/page\/wp-json\/wp\/v2\/pages\/43\/revisions"}],"predecessor-version":[{"id":674,"href":"https:\/\/www.lechner-service.at\/page\/wp-json\/wp\/v2\/pages\/43\/revisions\/674"}],"wp:attachment":[{"href":"https:\/\/www.lechner-service.at\/page\/wp-json\/wp\/v2\/media?parent=43"}],"curies":[{"name":"wp","href":"https:\/\/api.w.org\/{rel}","templated":true}]}}

<div
						class="wp-block-uagb-image-gallery uagb-block-6481bb01     "
						style=""
					>
											<div class="spectra-image-gallery spectra-image-gallery__layout--grid spectra-image-gallery__layout--grid-col-3 spectra-image-gallery__layout--grid-col-tab-3 spectra-image-gallery__layout--grid-col-mob-2">
											<div class='spectra-image-gallery__media-wrapper' data-spectra-gallery-image-id='594'>
							<div class="spectra-image-gallery__media spectra-image-gallery__media--grid">
				<picture>
					<source media="(min-width: 1024px)" srcset="https://www.lechner-service.at/page/wp-content/uploads/2023/11/Flaechenvorhang-Rollo_0919_005-1024x683.jpg">
					<source media="(min-width: 768px)" srcset="https://www.lechner-service.at/page/wp-content/uploads/2023/11/Flaechenvorhang-Rollo_0919_005-1024x683.jpg">
					<img decoding="async" class="spectra-image-gallery__media-thumbnail spectra-image-gallery__media-thumbnail--grid" src="https://www.lechner-service.at/page/wp-content/uploads/2023/11/Flaechenvorhang-Rollo_0919_005-300x200.jpg" alt="" loading="lazy" />
				</picture>
				<div class="spectra-image-gallery__media-thumbnail-blurrer"></div>
											<div class="spectra-image-gallery__media-thumbnail-caption-wrapper spectra-image-gallery__media-thumbnail-caption-wrapper--overlay">
											<div class="spectra-image-gallery__media-thumbnail-caption spectra-image-gallery__media-thumbnail-caption--overlay">
					<a href="https://www.lechner-service.at/page/innen/" title="Innen">Innenbeschattung</a>				</div>
										</div>
									</div>
						</div>
						<div class='spectra-image-gallery__media-wrapper' data-spectra-gallery-image-id='474'>
							<div class="spectra-image-gallery__media spectra-image-gallery__media--grid">
				<picture>
					<source media="(min-width: 1024px)" srcset="https://www.lechner-service.at/page/wp-content/uploads/2023/11/Fensterladen-1024x466.jpg">
					<source media="(min-width: 768px)" srcset="https://www.lechner-service.at/page/wp-content/uploads/2023/11/Fensterladen-1024x466.jpg">
					<img decoding="async" class="spectra-image-gallery__media-thumbnail spectra-image-gallery__media-thumbnail--grid" src="https://www.lechner-service.at/page/wp-content/uploads/2023/11/Fensterladen-300x137.jpg" alt="" loading="lazy" />
				</picture>
				<div class="spectra-image-gallery__media-thumbnail-blurrer"></div>
											<div class="spectra-image-gallery__media-thumbnail-caption-wrapper spectra-image-gallery__media-thumbnail-caption-wrapper--overlay">
											<div class="spectra-image-gallery__media-thumbnail-caption spectra-image-gallery__media-thumbnail-caption--overlay">
					<a href="https://www.lechner-service.at/page/aussen/" title="Außen">Außenbeschattung</a>				</div>
										</div>
									</div>
						</div>
						<div class='spectra-image-gallery__media-wrapper' data-spectra-gallery-image-id='569'>
							<div class="spectra-image-gallery__media spectra-image-gallery__media--grid">
				<picture>
					<source media="(min-width: 1024px)" srcset="https://www.lechner-service.at/page/wp-content/uploads/2023/11/FL-M2-Tuer-M2-Tuer_Markise_hellbraun_2500x1875px-1024x768.jpg">
					<source media="(min-width: 768px)" srcset="https://www.lechner-service.at/page/wp-content/uploads/2023/11/FL-M2-Tuer-M2-Tuer_Markise_hellbraun_2500x1875px-1024x768.jpg">
					<img decoding="async" class="spectra-image-gallery__media-thumbnail spectra-image-gallery__media-thumbnail--grid" src="https://www.lechner-service.at/page/wp-content/uploads/2023/11/FL-M2-Tuer-M2-Tuer_Markise_hellbraun_2500x1875px-300x225.jpg" alt="" loading="lazy" />
				</picture>
				<div class="spectra-image-gallery__media-thumbnail-blurrer"></div>
											<div class="spectra-image-gallery__media-thumbnail-caption-wrapper spectra-image-gallery__media-thumbnail-caption-wrapper--overlay">
											<div class="spectra-image-gallery__media-thumbnail-caption spectra-image-gallery__media-thumbnail-caption--overlay">
					<a href="https://www.lechner-service.at/page/terrasse/" title="Terrasse">Terassenbeschattung</a>				</div>
										</div>
									</div>
						</div>
										</div>
																		</div>
									


<div class="wp-block-columns is-layout-flex wp-container-core-columns-is-layout-28f84493 wp-block-columns-is-layout-flex">
<div class="wp-block-column is-layout-flow wp-block-column-is-layout-flow">
<h3 class="wp-block-heading">Sonne und Schatten nach Maß</h3>



<p>So schön der Sommer ist: Wird die Hitze unerträglich, ist angenehmer Schatten heiß begehrt. Ein&nbsp;<strong>hochwertiger Sonnenschutz</strong>&nbsp;ist Gold wert, wenn die Temperaturen steigen. Genießen Sie unbeschwerte Stunden auf Ihrem Balkon oder Ihrer Terrasse, während wir uns um den Rest kümmern. <br>Sonnenschutz ist genauso vielfältig wie die&nbsp;<strong>individuellen Bedürfnisse</strong>&nbsp;eines jeden Einzelnen und unser&nbsp;<a href="https://www.lechner-service.at/page/ueber-uns/">Familienbetrieb</a>&nbsp;unterstützt Sie dabei, den passenden für Ihr Zuhause zu finden.</p>



<p>Vertrauen Sie auf unsere Expertise und lassen Sie uns Ihre Beschattungsprobleme lösen. <a href="https://www.lechner-service.at/page/kontakt/">Kontaktieren </a>Sie uns noch heute, um mehr über unsere Beschattungssysteme zu erfahren und einen Termin zu vereinbaren. Wir freuen uns darauf, Ihnen zu helfen!</p>
</div>
</div>

<p>Sonne und Schatten nach Maß So schön der Sommer ist: Wird die Hitze unerträglich, ist angenehmer Schatten heiß begehrt. Ein&nbsp;hochwertiger Sonnenschutz&nbsp;ist Gold wert, wenn die Temperaturen steigen. Genießen Sie unbeschwerte Stunden auf Ihrem Balkon oder Ihrer Terrasse, während wir uns um den Rest kümmern. Sonnenschutz ist genauso vielfältig wie die&nbsp;individuellen Bedürfnisse&nbsp;eines jeden Einzelnen und unser&nbsp;Familienbetrieb&nbsp;unterstützt &hellip;</p>
<p class="read-more"> <a class="" href="https://www.lechner-service.at/page/sonnenschutz-2/"> <span class="screen-reader-text">Sonnenschutz</span> Weiterlesen &raquo;</a></p>

Sonne und Schatten nach Maß So schön der Sommer ist: Wird die Hitze unerträglich, ist angenehmer Schatten heiß begehrt. Ein&nbsp;hochwertiger Sonnenschutz&nbsp;ist Gold wert, wenn die Temperaturen steigen. Genießen Sie unbeschwerte Stunden auf Ihrem Balkon oder Ihrer Terrasse, während wir uns um den Rest kümmern. Sonnenschutz ist genauso vielfältig wie die&nbsp;individuellen Bedürfnisse&nbsp;eines jeden Einzelnen und unser&nbsp;Familienbetrieb&nbsp;unterstützt&hellip;
