{"id":42,"date":"2023-07-01T00:01:00","date_gmt":"2023-07-01T00:01:00","guid":{"rendered":"https:\/\/www.lechner-service.at\/page\/?page_id=42"},"modified":"2023-11-11T16:37:23","modified_gmt":"2023-11-11T15:37:23","slug":"ueber-uns","status":"publish","type":"page","link":"https:\/\/www.lechner-service.at\/page\/ueber-uns\/","title":{"rendered":"Familienbetrieb, auf den Verlass ist!"},"content":{"rendered":"\n<p>Wir sind in Nieder\u00f6sterreich, Wien und n\u00f6rdliches Burgenland f\u00fcr Sie t\u00e4tig. Bei uns erhalten Sie alle Leistungen aus einer Hand. Wenden Sie sich bei Fragen an uns!<\/p>\n\n\n\n<div class=\"wp-block-media-text has-media-on-the-right is-stacked-on-mobile\" style=\"grid-template-columns:auto 24%\"><div class=\"wp-block-media-text__content\">\n<p><strong>DOMENIC<\/strong><\/p>\n\n\n\n<p>Er absolvierte gleich <strong>zwei Lehrg\u00e4nge<\/strong>: als <strong>Maurer<\/strong> und als <strong>Tischler<\/strong>. Somit verf\u00fcgt er \u00fcber doppelt so viel Expertise und kann auf ein breites Wissen aus beiden Bereichen zur\u00fcckgreifen. Als Tischler produziert er Fenster und als Maurer montiert er diese. Besonders bei der Einstellung und <strong>Oberfl\u00e4chenausbesserung<\/strong> w\u00e4hrend der Montage und Wartung von Fenstern wird viel Geduld vom Profi erwartet.<\/p>\n<\/div><figure class=\"wp-block-media-text__media\"><img loading=\"lazy\" decoding=\"async\" width=\"1016\" height=\"1024\" src=\"https:\/\/www.lechner-service.at\/page\/wp-content\/uploads\/2023\/10\/Portrait-Domenic-1-1016x1024.jpg\" alt=\"\" class=\"wp-image-399 size-full\" srcset=\"https:\/\/www.lechner-service.at\/page\/wp-content\/uploads\/2023\/10\/Portrait-Domenic-1-1016x1024.jpg 1016w, https:\/\/www.lechner-service.at\/page\/wp-content\/uploads\/2023\/10\/Portrait-Domenic-1-298x300.jpg 298w, https:\/\/www.lechner-service.at\/page\/wp-content\/uploads\/2023\/10\/Portrait-Domenic-1-150x150.jpg 150w, https:\/\/www.lechner-service.at\/page\/wp-content\/uploads\/2023\/10\/Portrait-Domenic-1-768x774.jpg 768w, https:\/\/www.lechner-service.at\/page\/wp-content\/uploads\/2023\/10\/Portrait-Domenic-1.jpg 1165w\" sizes=\"auto, (max-width: 1016px) 100vw, 1016px\" \/><\/figure><\/div>\n\n\n\n<div class=\"wp-block-media-text is-stacked-on-mobile\" style=\"grid-template-columns:24% auto\"><figure class=\"wp-block-media-text__media\"><img loading=\"lazy\" decoding=\"async\" width=\"1024\" height=\"900\" src=\"https:\/\/www.lechner-service.at\/page\/wp-content\/uploads\/2023\/10\/Portrait-Peter-1024x900.jpg\" alt=\"\" class=\"wp-image-398 size-full\" srcset=\"https:\/\/www.lechner-service.at\/page\/wp-content\/uploads\/2023\/10\/Portrait-Peter-1024x900.jpg 1024w, https:\/\/www.lechner-service.at\/page\/wp-content\/uploads\/2023\/10\/Portrait-Peter-300x264.jpg 300w, https:\/\/www.lechner-service.at\/page\/wp-content\/uploads\/2023\/10\/Portrait-Peter-768x675.jpg 768w, https:\/\/www.lechner-service.at\/page\/wp-content\/uploads\/2023\/10\/Portrait-Peter.jpg 1365w\" sizes=\"auto, (max-width: 1024px) 100vw, 1024px\" \/><\/figure><div class=\"wp-block-media-text__content\">\n<p><strong>PETER<\/strong><\/p>\n\n\n\n<p>Er absolvierte eine Lehre zum Elektriker. Mit Jahrelange Erfahrung und weiteren Zwischenstopps bei einer gro\u00dfen Baufirma stie\u00df er 2019 zu seinem Bruder dazu. Ob Fenster, T\u00fcren, Sonnen- und Insektenschutz, die <strong>Aufr\u00fcstung auf eine Fingerprint-Haust\u00fcr oder einer Smart Home L\u00f6sung <\/strong> \u2013 er ist der Richtige f\u00fcr Ihr Anliegen!<\/p>\n<\/div><\/div>\n\n\n\n<div class=\"wp-block-media-text has-media-on-the-right is-stacked-on-mobile\" style=\"grid-template-columns:auto 24%\"><div class=\"wp-block-media-text__content\">\n<p><strong>NATASCHA<\/strong><\/p>\n\n\n\n<p>Natascha ist Quereinsteigerin und ist f\u00fcr die Buchhaltung und Rechnungslegung zust\u00e4ndig. Sie k\u00fcmmert sich mit besten Wissen und Gewissen darum, dass alles Hand und Fu\u00df hat.<\/p>\n<\/div><figure class=\"wp-block-media-text__media\"><img loading=\"lazy\" decoding=\"async\" width=\"1024\" height=\"1019\" src=\"https:\/\/www.lechner-service.at\/page\/wp-content\/uploads\/2023\/10\/Portrait-Natascha-1024x1019.jpg\" alt=\"\" class=\"wp-image-400 size-full\" srcset=\"https:\/\/www.lechner-service.at\/page\/wp-content\/uploads\/2023\/10\/Portrait-Natascha-1024x1019.jpg 1024w, https:\/\/www.lechner-service.at\/page\/wp-content\/uploads\/2023\/10\/Portrait-Natascha-300x298.jpg 300w, https:\/\/www.lechner-service.at\/page\/wp-content\/uploads\/2023\/10\/Portrait-Natascha-150x150.jpg 150w, https:\/\/www.lechner-service.at\/page\/wp-content\/uploads\/2023\/10\/Portrait-Natascha-768x764.jpg 768w, https:\/\/www.lechner-service.at\/page\/wp-content\/uploads\/2023\/10\/Portrait-Natascha.jpg 1188w\" sizes=\"auto, (max-width: 1024px) 100vw, 1024px\" \/><\/figure><\/div>\n\n\n\n<p>Was w\u00e4re ein Familienunternehmen ohne ein tolles Team. Neben der Familie Lechner gibt es noch weitere 5 Mitarbeiter die sowohl im Back-Office als auch bei unseren Kunden im Einsatz sind. <\/p>\n\n\n\n<figure class=\"wp-block-image aligncenter size-large is-resized has-custom-border\"><img loading=\"lazy\" decoding=\"async\" width=\"1024\" height=\"721\" src=\"https:\/\/www.lechner-service.at\/page\/wp-content\/uploads\/2023\/10\/Alle3-1024x721.jpg\" alt=\"\" class=\"wp-image-395\" style=\"border-style:none;border-width:0px;border-radius:0px;aspect-ratio:1.420249653259362;width:428px;height:auto\" srcset=\"https:\/\/www.lechner-service.at\/page\/wp-content\/uploads\/2023\/10\/Alle3-1024x721.jpg 1024w, https:\/\/www.lechner-service.at\/page\/wp-content\/uploads\/2023\/10\/Alle3-300x211.jpg 300w, https:\/\/www.lechner-service.at\/page\/wp-content\/uploads\/2023\/10\/Alle3-768x541.jpg 768w, https:\/\/www.lechner-service.at\/page\/wp-content\/uploads\/2023\/10\/Alle3-1536x1081.jpg 1536w, https:\/\/www.lechner-service.at\/page\/wp-content\/uploads\/2023\/10\/Alle3.jpg 1649w\" sizes=\"auto, (max-width: 1024px) 100vw, 1024px\" \/><\/figure>\n","protected":false},"excerpt":{"rendered":"<p>Wir sind in Nieder\u00f6sterreich, Wien und n\u00f6rdliches Burgenland f\u00fcr Sie t\u00e4tig. Bei uns erhalten Sie alle Leistungen aus einer Hand. Wenden Sie sich bei Fragen an uns! DOMENIC Er absolvierte gleich zwei Lehrg\u00e4nge: als Maurer und als Tischler. Somit verf\u00fcgt er \u00fcber doppelt so viel Expertise und kann auf ein breites Wissen aus beiden Bereichen &hellip;<\/p>\n<p class=\"read-more\"> <a class=\"\" href=\"https:\/\/www.lechner-service.at\/page\/ueber-uns\/\"> <span class=\"screen-reader-text\">Familienbetrieb, auf den Verlass ist!<\/span> Weiterlesen &raquo;<\/a><\/p>\n","protected":false},"author":1,"featured_media":0,"parent":0,"menu_order":0,"comment_status":"closed","ping_status":"closed","template":"","meta":{"_uag_custom_page_level_css":"","site-sidebar-layout":"default","site-content-layout":"","ast-site-content-layout":"","site-content-style":"default","site-sidebar-style":"default","ast-global-header-display":"","ast-banner-title-visibility":"","ast-main-header-display":"","ast-hfb-above-header-display":"","ast-hfb-below-header-display":"","ast-hfb-mobile-header-display":"","site-post-title":"","ast-breadcrumbs-content":"","ast-featured-img":"","footer-sml-layout":"","theme-transparent-header-meta":"","adv-header-id-meta":"","stick-header-meta":"","header-above-stick-meta":"","header-main-stick-meta":"","header-below-stick-meta":"","astra-migrate-meta-layouts":"default","ast-page-background-enabled":"default","ast-page-background-meta":{"desktop":{"background-color":"var(--ast-global-color-4)","background-image":"","background-repeat":"repeat","background-position":"center center","background-size":"auto","background-attachment":"scroll","background-type":"","background-media":"","overlay-type":"","overlay-color":"","overlay-gradient":""},"tablet":{"background-color":"","background-image":"","background-repeat":"repeat","background-position":"center center","background-size":"auto","background-attachment":"scroll","background-type":"","background-media":"","overlay-type":"","overlay-color":"","overlay-gradient":""},"mobile":{"background-color":"","background-image":"","background-repeat":"repeat","background-position":"center center","background-size":"auto","background-attachment":"scroll","background-type":"","background-media":"","overlay-type":"","overlay-color":"","overlay-gradient":""}},"ast-content-background-meta":{"desktop":{"background-color":"var(--ast-global-color-5)","background-image":"","background-repeat":"repeat","background-position":"center center","background-size":"auto","background-attachment":"scroll","background-type":"","background-media":"","overlay-type":"","overlay-color":"","overlay-gradient":""},"tablet":{"background-color":"var(--ast-global-color-5)","background-image":"","background-repeat":"repeat","background-position":"center center","background-size":"auto","background-attachment":"scroll","background-type":"","background-media":"","overlay-type":"","overlay-color":"","overlay-gradient":""},"mobile":{"background-color":"var(--ast-global-color-5)","background-image":"","background-repeat":"repeat","background-position":"center center","background-size":"auto","background-attachment":"scroll","background-type":"","background-media":"","overlay-type":"","overlay-color":"","overlay-gradient":""}},"footnotes":""},"class_list":["post-42","page","type-page","status-publish","hentry"],"aioseo_notices":[],"uagb_featured_image_src":{"full":false,"thumbnail":false,"medium":false,"medium_large":false,"large":false,"1536x1536":false,"2048x2048":false},"uagb_author_info":{"display_name":"admin","author_link":"https:\/\/www.lechner-service.at\/page\/author\/admin\/"},"uagb_comment_info":0,"uagb_excerpt":"Wir sind in Nieder\u00f6sterreich, Wien und n\u00f6rdliches Burgenland f\u00fcr Sie t\u00e4tig. Bei uns erhalten Sie alle Leistungen aus einer Hand. Wenden Sie sich bei Fragen an uns! DOMENIC Er absolvierte gleich zwei Lehrg\u00e4nge: als Maurer und als Tischler. Somit verf\u00fcgt er \u00fcber doppelt so viel Expertise und kann auf ein breites Wissen aus beiden Bereichen&hellip;","_links":{"self":[{"href":"https:\/\/www.lechner-service.at\/page\/wp-json\/wp\/v2\/pages\/42","targetHints":{"allow":["GET"]}}],"collection":[{"href":"https:\/\/www.lechner-service.at\/page\/wp-json\/wp\/v2\/pages"}],"about":[{"href":"https:\/\/www.lechner-service.at\/page\/wp-json\/wp\/v2\/types\/page"}],"author":[{"embeddable":true,"href":"https:\/\/www.lechner-service.at\/page\/wp-json\/wp\/v2\/users\/1"}],"replies":[{"embeddable":true,"href":"https:\/\/www.lechner-service.at\/page\/wp-json\/wp\/v2\/comments?post=42"}],"version-history":[{"count":12,"href":"https:\/\/www.lechner-service.at\/page\/wp-json\/wp\/v2\/pages\/42\/revisions"}],"predecessor-version":[{"id":548,"href":"https:\/\/www.lechner-service.at\/page\/wp-json\/wp\/v2\/pages\/42\/revisions\/548"}],"wp:attachment":[{"href":"https:\/\/www.lechner-service.at\/page\/wp-json\/wp\/v2\/media?parent=42"}],"curies":[{"name":"wp","href":"https:\/\/api.w.org\/{rel}","templated":true}]}}