{"id":217,"date":"2023-10-11T11:41:13","date_gmt":"2023-10-11T09:41:13","guid":{"rendered":"https:\/\/www.lechner-service.at\/page\/?page_id=217"},"modified":"2023-11-11T15:56:45","modified_gmt":"2023-11-11T14:56:45","slug":"gelenkarmmarkisen","status":"publish","type":"page","link":"https:\/\/www.lechner-service.at\/page\/gelenkarmmarkisen\/","title":{"rendered":"Markisen"},"content":{"rendered":"\n<p>Genie\u00dfen Sie den Sommer in vollen Z\u00fcgen und sch\u00fctzen Sie sich vor den intensiven UV-Strahlen der Sonne mit unseren modernen und funktionalen Markisen. Egal ob Sie Ihre Terrasse, Ihren Balkon oder Ihren Garten versch\u00f6nern m\u00f6chten, unsere Markisen bieten Ihnen den perfekten Schutz vor blendendem Sonnenlicht und sorgen f\u00fcr eine angenehme Atmosph\u00e4re. Sie zeichnen sich durch hochwertige Materialien und eine erstklassige Verarbeitung aus. Dank innovativer Technologien und optimaler Funktionalit\u00e4t passen unsere Produkte perfekt zu Ihren individuellen Bed\u00fcrfnissen. Ob manuell oder elektrisch gesteuert &#8211; bei uns finden Sie garantiert die passende L\u00f6sung. Mit einer gro\u00dfen Auswahl an Designs und Farben verleihen unsere Markisen Ihrem Au\u00dfenbereich einen Hauch von Eleganz und Stil. <\/p>\n\n\n\t\t\t\t\t<div\n\t\t\t\t\t\tclass=\"wp-block-uagb-image-gallery uagb-block-7453d583     \"\n\t\t\t\t\t\tstyle=\"\"\n\t\t\t\t\t>\n\t\t\t\t\t\t\t\t\t\t\t<div class=\"spectra-image-gallery spectra-image-gallery__layout--grid spectra-image-gallery__layout--grid-col-2 spectra-image-gallery__layout--grid-col-tab-2 spectra-image-gallery__layout--grid-col-mob-2\">\n\t\t\t\t\t\t\t\t\t\t\t<div class='spectra-image-gallery__media-wrapper' data-spectra-gallery-image-id='530'>\n\t\t\t\t\t\t\t<div class=\"spectra-image-gallery__media spectra-image-gallery__media--grid\">\n\t\t\t\t<picture>\n\t\t\t\t\t<source media=\"(min-width: 1024px)\" srcset=\"https:\/\/www.lechner-service.at\/page\/wp-content\/uploads\/2023\/11\/Kassettenmarkise-1024x682.jpg\">\n\t\t\t\t\t<source media=\"(min-width: 768px)\" srcset=\"https:\/\/www.lechner-service.at\/page\/wp-content\/uploads\/2023\/11\/Kassettenmarkise-1024x682.jpg\">\n\t\t\t\t\t<img decoding=\"async\" class=\"spectra-image-gallery__media-thumbnail spectra-image-gallery__media-thumbnail--grid\" src=\"https:\/\/www.lechner-service.at\/page\/wp-content\/uploads\/2023\/11\/Kassettenmarkise-300x200.jpg\" alt=\"\" loading=\"lazy\" \/>\n\t\t\t\t<\/picture>\n\t\t\t\t<div class=\"spectra-image-gallery__media-thumbnail-blurrer\"><\/div>\n\t\t\t\t\t\t\t\t\t\t\t<div class=\"spectra-image-gallery__media-thumbnail-caption-wrapper spectra-image-gallery__media-thumbnail-caption-wrapper--overlay\">\n\t\t\t\t\t\t\t\t\t\t\t<div class=\"spectra-image-gallery__media-thumbnail-caption spectra-image-gallery__media-thumbnail-caption--overlay\">\n\t\t\t\t\tKassettenmarkise\t\t\t\t<\/div>\n\t\t\t\t\t\t\t\t\t\t<\/div>\n\t\t\t\t\t\t\t\t\t<\/div>\n\t\t\t\t\t\t<\/div>\n\t\t\t\t\t\t<div class='spectra-image-gallery__media-wrapper' data-spectra-gallery-image-id='529'>\n\t\t\t\t\t\t\t<div class=\"spectra-image-gallery__media spectra-image-gallery__media--grid\">\n\t\t\t\t<picture>\n\t\t\t\t\t<source media=\"(min-width: 1024px)\" srcset=\"https:\/\/www.lechner-service.at\/page\/wp-content\/uploads\/2023\/11\/Wintergartenmarkise-1024x513.jpg\">\n\t\t\t\t\t<source media=\"(min-width: 768px)\" srcset=\"https:\/\/www.lechner-service.at\/page\/wp-content\/uploads\/2023\/11\/Wintergartenmarkise-1024x513.jpg\">\n\t\t\t\t\t<img decoding=\"async\" class=\"spectra-image-gallery__media-thumbnail spectra-image-gallery__media-thumbnail--grid\" src=\"https:\/\/www.lechner-service.at\/page\/wp-content\/uploads\/2023\/11\/Wintergartenmarkise-300x150.jpg\" alt=\"\" loading=\"lazy\" \/>\n\t\t\t\t<\/picture>\n\t\t\t\t<div class=\"spectra-image-gallery__media-thumbnail-blurrer\"><\/div>\n\t\t\t\t\t\t\t\t\t\t\t<div class=\"spectra-image-gallery__media-thumbnail-caption-wrapper spectra-image-gallery__media-thumbnail-caption-wrapper--overlay\">\n\t\t\t\t\t\t\t\t\t\t\t<div class=\"spectra-image-gallery__media-thumbnail-caption spectra-image-gallery__media-thumbnail-caption--overlay\">\n\t\t\t\t\tWintergartenmarkise\t\t\t\t<\/div>\n\t\t\t\t\t\t\t\t\t\t<\/div>\n\t\t\t\t\t\t\t\t\t<\/div>\n\t\t\t\t\t\t<\/div>\n\t\t\t\t\t\t\t\t\t\t<\/div>\n\t\t\t\t\t\t\t\t\t\t\t\t\t\t\t\t\t\t<\/div>\n\t\t\t\t\t\t\t\t\t\n\n\n<p><\/p>\n\n\n\n<p class=\"has-medium-font-size\"><strong>F\u00fcr eine individuelle Beratung, kontaktieren Sie uns einfach \u00fcber unser\u00a0<a href=\"https:\/\/www.lechner-service.at\/page\/kontakt\/\">Kontaktformular<\/a>.<\/strong><\/p>\n","protected":false},"excerpt":{"rendered":"<p>Genie\u00dfen Sie den Sommer in vollen Z\u00fcgen und sch\u00fctzen Sie sich vor den intensiven UV-Strahlen der Sonne mit unseren modernen und funktionalen Markisen. Egal ob Sie Ihre Terrasse, Ihren Balkon oder Ihren Garten versch\u00f6nern m\u00f6chten, unsere Markisen bieten Ihnen den perfekten Schutz vor blendendem Sonnenlicht und sorgen f\u00fcr eine angenehme Atmosph\u00e4re. Sie zeichnen sich durch &hellip;<\/p>\n<p class=\"read-more\"> <a class=\"\" href=\"https:\/\/www.lechner-service.at\/page\/gelenkarmmarkisen\/\"> <span class=\"screen-reader-text\">Markisen<\/span> Weiterlesen &raquo;<\/a><\/p>\n","protected":false},"author":1,"featured_media":0,"parent":0,"menu_order":0,"comment_status":"closed","ping_status":"closed","template":"","meta":{"_uag_custom_page_level_css":"","site-sidebar-layout":"default","site-content-layout":"","ast-site-content-layout":"","site-content-style":"default","site-sidebar-style":"default","ast-global-header-display":"","ast-banner-title-visibility":"","ast-main-header-display":"","ast-hfb-above-header-display":"","ast-hfb-below-header-display":"","ast-hfb-mobile-header-display":"","site-post-title":"","ast-breadcrumbs-content":"","ast-featured-img":"","footer-sml-layout":"","theme-transparent-header-meta":"","adv-header-id-meta":"","stick-header-meta":"","header-above-stick-meta":"","header-main-stick-meta":"","header-below-stick-meta":"","astra-migrate-meta-layouts":"default","ast-page-background-enabled":"default","ast-page-background-meta":{"desktop":{"background-color":"var(--ast-global-color-4)","background-image":"","background-repeat":"repeat","background-position":"center center","background-size":"auto","background-attachment":"scroll","background-type":"","background-media":"","overlay-type":"","overlay-color":"","overlay-gradient":""},"tablet":{"background-color":"","background-image":"","background-repeat":"repeat","background-position":"center center","background-size":"auto","background-attachment":"scroll","background-type":"","background-media":"","overlay-type":"","overlay-color":"","overlay-gradient":""},"mobile":{"background-color":"","background-image":"","background-repeat":"repeat","background-position":"center center","background-size":"auto","background-attachment":"scroll","background-type":"","background-media":"","overlay-type":"","overlay-color":"","overlay-gradient":""}},"ast-content-background-meta":{"desktop":{"background-color":"var(--ast-global-color-5)","background-image":"","background-repeat":"repeat","background-position":"center center","background-size":"auto","background-attachment":"scroll","background-type":"","background-media":"","overlay-type":"","overlay-color":"","overlay-gradient":""},"tablet":{"background-color":"var(--ast-global-color-5)","background-image":"","background-repeat":"repeat","background-position":"center center","background-size":"auto","background-attachment":"scroll","background-type":"","background-media":"","overlay-type":"","overlay-color":"","overlay-gradient":""},"mobile":{"background-color":"var(--ast-global-color-5)","background-image":"","background-repeat":"repeat","background-position":"center center","background-size":"auto","background-attachment":"scroll","background-type":"","background-media":"","overlay-type":"","overlay-color":"","overlay-gradient":""}},"footnotes":""},"class_list":["post-217","page","type-page","status-publish","hentry"],"aioseo_notices":[],"uagb_featured_image_src":{"full":false,"thumbnail":false,"medium":false,"medium_large":false,"large":false,"1536x1536":false,"2048x2048":false},"uagb_author_info":{"display_name":"admin","author_link":"https:\/\/www.lechner-service.at\/page\/author\/admin\/"},"uagb_comment_info":0,"uagb_excerpt":"Genie\u00dfen Sie den Sommer in vollen Z\u00fcgen und sch\u00fctzen Sie sich vor den intensiven UV-Strahlen der Sonne mit unseren modernen und funktionalen Markisen. Egal ob Sie Ihre Terrasse, Ihren Balkon oder Ihren Garten versch\u00f6nern m\u00f6chten, unsere Markisen bieten Ihnen den perfekten Schutz vor blendendem Sonnenlicht und sorgen f\u00fcr eine angenehme Atmosph\u00e4re. Sie zeichnen sich durch&hellip;","_links":{"self":[{"href":"https:\/\/www.lechner-service.at\/page\/wp-json\/wp\/v2\/pages\/217","targetHints":{"allow":["GET"]}}],"collection":[{"href":"https:\/\/www.lechner-service.at\/page\/wp-json\/wp\/v2\/pages"}],"about":[{"href":"https:\/\/www.lechner-service.at\/page\/wp-json\/wp\/v2\/types\/page"}],"author":[{"embeddable":true,"href":"https:\/\/www.lechner-service.at\/page\/wp-json\/wp\/v2\/users\/1"}],"replies":[{"embeddable":true,"href":"https:\/\/www.lechner-service.at\/page\/wp-json\/wp\/v2\/comments?post=217"}],"version-history":[{"count":5,"href":"https:\/\/www.lechner-service.at\/page\/wp-json\/wp\/v2\/pages\/217\/revisions"}],"predecessor-version":[{"id":531,"href":"https:\/\/www.lechner-service.at\/page\/wp-json\/wp\/v2\/pages\/217\/revisions\/531"}],"wp:attachment":[{"href":"https:\/\/www.lechner-service.at\/page\/wp-json\/wp\/v2\/media?parent=217"}],"curies":[{"name":"wp","href":"https:\/\/api.w.org\/{rel}","templated":true}]}}

<p>Genießen Sie den Sommer in vollen Zügen und schützen Sie sich vor den intensiven UV-Strahlen der Sonne mit unseren modernen und funktionalen Markisen. Egal ob Sie Ihre Terrasse, Ihren Balkon oder Ihren Garten verschönern möchten, unsere Markisen bieten Ihnen den perfekten Schutz vor blendendem Sonnenlicht und sorgen für eine angenehme Atmosphäre. Sie zeichnen sich durch hochwertige Materialien und eine erstklassige Verarbeitung aus. Dank innovativer Technologien und optimaler Funktionalität passen unsere Produkte perfekt zu Ihren individuellen Bedürfnissen. Ob manuell oder elektrisch gesteuert &#8211; bei uns finden Sie garantiert die passende Lösung. Mit einer großen Auswahl an Designs und Farben verleihen unsere Markisen Ihrem Außenbereich einen Hauch von Eleganz und Stil. </p>


					<div
						class="wp-block-uagb-image-gallery uagb-block-7453d583     "
						style=""
					>
											<div class="spectra-image-gallery spectra-image-gallery__layout--grid spectra-image-gallery__layout--grid-col-2 spectra-image-gallery__layout--grid-col-tab-2 spectra-image-gallery__layout--grid-col-mob-2">
											<div class='spectra-image-gallery__media-wrapper' data-spectra-gallery-image-id='530'>
							<div class="spectra-image-gallery__media spectra-image-gallery__media--grid">
				<picture>
					<source media="(min-width: 1024px)" srcset="https://www.lechner-service.at/page/wp-content/uploads/2023/11/Kassettenmarkise-1024x682.jpg">
					<source media="(min-width: 768px)" srcset="https://www.lechner-service.at/page/wp-content/uploads/2023/11/Kassettenmarkise-1024x682.jpg">
					<img decoding="async" class="spectra-image-gallery__media-thumbnail spectra-image-gallery__media-thumbnail--grid" src="https://www.lechner-service.at/page/wp-content/uploads/2023/11/Kassettenmarkise-300x200.jpg" alt="" loading="lazy" />
				</picture>
				<div class="spectra-image-gallery__media-thumbnail-blurrer"></div>
											<div class="spectra-image-gallery__media-thumbnail-caption-wrapper spectra-image-gallery__media-thumbnail-caption-wrapper--overlay">
											<div class="spectra-image-gallery__media-thumbnail-caption spectra-image-gallery__media-thumbnail-caption--overlay">
					Kassettenmarkise				</div>
										</div>
									</div>
						</div>
						<div class='spectra-image-gallery__media-wrapper' data-spectra-gallery-image-id='529'>
							<div class="spectra-image-gallery__media spectra-image-gallery__media--grid">
				<picture>
					<source media="(min-width: 1024px)" srcset="https://www.lechner-service.at/page/wp-content/uploads/2023/11/Wintergartenmarkise-1024x513.jpg">
					<source media="(min-width: 768px)" srcset="https://www.lechner-service.at/page/wp-content/uploads/2023/11/Wintergartenmarkise-1024x513.jpg">
					<img decoding="async" class="spectra-image-gallery__media-thumbnail spectra-image-gallery__media-thumbnail--grid" src="https://www.lechner-service.at/page/wp-content/uploads/2023/11/Wintergartenmarkise-300x150.jpg" alt="" loading="lazy" />
				</picture>
				<div class="spectra-image-gallery__media-thumbnail-blurrer"></div>
											<div class="spectra-image-gallery__media-thumbnail-caption-wrapper spectra-image-gallery__media-thumbnail-caption-wrapper--overlay">
											<div class="spectra-image-gallery__media-thumbnail-caption spectra-image-gallery__media-thumbnail-caption--overlay">
					Wintergartenmarkise				</div>
										</div>
									</div>
						</div>
										</div>
																		</div>
									


<p></p>



<p class="has-medium-font-size"><strong>Für eine individuelle Beratung, kontaktieren Sie uns einfach über unser <a href="https://www.lechner-service.at/page/kontakt/">Kontaktformular</a>.</strong></p>

<p>Genießen Sie den Sommer in vollen Zügen und schützen Sie sich vor den intensiven UV-Strahlen der Sonne mit unseren modernen und funktionalen Markisen. Egal ob Sie Ihre Terrasse, Ihren Balkon oder Ihren Garten verschönern möchten, unsere Markisen bieten Ihnen den perfekten Schutz vor blendendem Sonnenlicht und sorgen für eine angenehme Atmosphäre. Sie zeichnen sich durch &hellip;</p>
<p class="read-more"> <a class="" href="https://www.lechner-service.at/page/gelenkarmmarkisen/"> <span class="screen-reader-text">Markisen</span> Weiterlesen &raquo;</a></p>

Genießen Sie den Sommer in vollen Zügen und schützen Sie sich vor den intensiven UV-Strahlen der Sonne mit unseren modernen und funktionalen Markisen. Egal ob Sie Ihre Terrasse, Ihren Balkon oder Ihren Garten verschönern möchten, unsere Markisen bieten Ihnen den perfekten Schutz vor blendendem Sonnenlicht und sorgen für eine angenehme Atmosphäre. Sie zeichnen sich durch&hellip;
