{"id":212,"date":"2023-08-26T11:15:11","date_gmt":"2023-08-26T09:15:11","guid":{"rendered":"https:\/\/www.lechner-service.at\/page\/?page_id=212"},"modified":"2024-03-24T14:29:07","modified_gmt":"2024-03-24T13:29:07","slug":"notdienst","status":"publish","type":"page","link":"https:\/\/www.lechner-service.at\/page\/notdienst\/","title":{"rendered":"Notdienst"},"content":{"rendered":"\n<p>Unser Team von erfahrenen Fachleuten steht Ihnen zur Verf\u00fcgung, um schnell und effizient zu handeln. Wir verstehen, dass solche Situationen stressig sein k\u00f6nnen, daher ist es unser Ziel, Ihnen einen zuverl\u00e4ssigen und professionellen Service zu bieten.<\/p>\n\n\n\n<h3 class=\"wp-block-heading has-text-align-right\">Einbruch<\/h3>\n\n\n\n<div class=\"wp-block-media-text is-stacked-on-mobile\"><figure class=\"wp-block-media-text__media\"><img loading=\"lazy\" decoding=\"async\" width=\"1024\" height=\"683\" src=\"https:\/\/www.lechner-service.at\/page\/wp-content\/uploads\/2024\/01\/Einbruch-1024x683.jpg\" alt=\"\" class=\"wp-image-626 size-full\" srcset=\"https:\/\/www.lechner-service.at\/page\/wp-content\/uploads\/2024\/01\/Einbruch-1024x683.jpg 1024w, https:\/\/www.lechner-service.at\/page\/wp-content\/uploads\/2024\/01\/Einbruch-300x200.jpg 300w, https:\/\/www.lechner-service.at\/page\/wp-content\/uploads\/2024\/01\/Einbruch-768x512.jpg 768w, https:\/\/www.lechner-service.at\/page\/wp-content\/uploads\/2024\/01\/Einbruch.jpg 1500w\" sizes=\"auto, (max-width: 1024px) 100vw, 1024px\" \/><\/figure><div class=\"wp-block-media-text__content\">\n<p><strong>Bei Ihnen wurde eingebrochen &#8211; melden Sie sich!<\/strong><br>Wir schieben Ihr Anliegen kurzfristig in unseren Arbeitstag ein, um Ihr zu Hause wieder sicher zu machen!<br>Vor Ort besprechen wir nach der Notd\u00fcrftigen L\u00f6sung eine Alternative!<\/p>\n<\/div><\/div>\n\n\n\n<div class=\"wp-block-media-text has-media-on-the-right is-stacked-on-mobile\"><div class=\"wp-block-media-text__content\">\n<p>Sollte Ihre Fenster und T\u00fcren nicht mehr Schlie\u00dfen bzw. \u00d6ffnen, stehen wir Ihnen schnellstm\u00f6glich zur Seite.<br><\/p>\n<\/div><figure class=\"wp-block-media-text__media\"><img loading=\"lazy\" decoding=\"async\" width=\"1024\" height=\"683\" src=\"https:\/\/www.lechner-service.at\/page\/wp-content\/uploads\/2024\/01\/Aufsperrservice-1024x683.jpg\" alt=\"\" class=\"wp-image-629 size-full\" srcset=\"https:\/\/www.lechner-service.at\/page\/wp-content\/uploads\/2024\/01\/Aufsperrservice-1024x683.jpg 1024w, https:\/\/www.lechner-service.at\/page\/wp-content\/uploads\/2024\/01\/Aufsperrservice-300x200.jpg 300w, https:\/\/www.lechner-service.at\/page\/wp-content\/uploads\/2024\/01\/Aufsperrservice-768x512.jpg 768w, https:\/\/www.lechner-service.at\/page\/wp-content\/uploads\/2024\/01\/Aufsperrservice.jpg 1476w\" sizes=\"auto, (max-width: 1024px) 100vw, 1024px\" \/><\/figure><\/div>\n\n\n\n<p><\/p>\n\n\n\n<p class=\"has-text-align-center\">Wir werden uns so schnell wie m\u00f6glich bei Ihnen melden, um das weitere Vorgehen zu besprechen und einen Termin zu vereinbaren.<\/p>\n","protected":false},"excerpt":{"rendered":"<p>Unser Team von erfahrenen Fachleuten steht Ihnen zur Verf\u00fcgung, um schnell und effizient zu handeln. Wir verstehen, dass solche Situationen stressig sein k\u00f6nnen, daher ist es unser Ziel, Ihnen einen zuverl\u00e4ssigen und professionellen Service zu bieten. Einbruch Bei Ihnen wurde eingebrochen &#8211; melden Sie sich!Wir schieben Ihr Anliegen kurzfristig in unseren Arbeitstag ein, um Ihr &hellip;<\/p>\n<p class=\"read-more\"> <a class=\"\" href=\"https:\/\/www.lechner-service.at\/page\/notdienst\/\"> <span class=\"screen-reader-text\">Notdienst<\/span> Weiterlesen &raquo;<\/a><\/p>\n","protected":false},"author":1,"featured_media":0,"parent":0,"menu_order":0,"comment_status":"closed","ping_status":"closed","template":"","meta":{"_uag_custom_page_level_css":"","site-sidebar-layout":"default","site-content-layout":"","ast-site-content-layout":"","site-content-style":"default","site-sidebar-style":"default","ast-global-header-display":"","ast-banner-title-visibility":"","ast-main-header-display":"","ast-hfb-above-header-display":"","ast-hfb-below-header-display":"","ast-hfb-mobile-header-display":"","site-post-title":"","ast-breadcrumbs-content":"","ast-featured-img":"","footer-sml-layout":"","theme-transparent-header-meta":"","adv-header-id-meta":"","stick-header-meta":"","header-above-stick-meta":"","header-main-stick-meta":"","header-below-stick-meta":"","astra-migrate-meta-layouts":"default","ast-page-background-enabled":"default","ast-page-background-meta":{"desktop":{"background-color":"var(--ast-global-color-4)","background-image":"","background-repeat":"repeat","background-position":"center center","background-size":"auto","background-attachment":"scroll","background-type":"","background-media":"","overlay-type":"","overlay-color":"","overlay-gradient":""},"tablet":{"background-color":"","background-image":"","background-repeat":"repeat","background-position":"center center","background-size":"auto","background-attachment":"scroll","background-type":"","background-media":"","overlay-type":"","overlay-color":"","overlay-gradient":""},"mobile":{"background-color":"","background-image":"","background-repeat":"repeat","background-position":"center center","background-size":"auto","background-attachment":"scroll","background-type":"","background-media":"","overlay-type":"","overlay-color":"","overlay-gradient":""}},"ast-content-background-meta":{"desktop":{"background-color":"var(--ast-global-color-5)","background-image":"","background-repeat":"repeat","background-position":"center center","background-size":"auto","background-attachment":"scroll","background-type":"","background-media":"","overlay-type":"","overlay-color":"","overlay-gradient":""},"tablet":{"background-color":"var(--ast-global-color-5)","background-image":"","background-repeat":"repeat","background-position":"center center","background-size":"auto","background-attachment":"scroll","background-type":"","background-media":"","overlay-type":"","overlay-color":"","overlay-gradient":""},"mobile":{"background-color":"var(--ast-global-color-5)","background-image":"","background-repeat":"repeat","background-position":"center center","background-size":"auto","background-attachment":"scroll","background-type":"","background-media":"","overlay-type":"","overlay-color":"","overlay-gradient":""}},"footnotes":""},"class_list":["post-212","page","type-page","status-publish","hentry"],"aioseo_notices":[],"uagb_featured_image_src":{"full":false,"thumbnail":false,"medium":false,"medium_large":false,"large":false,"1536x1536":false,"2048x2048":false},"uagb_author_info":{"display_name":"admin","author_link":"https:\/\/www.lechner-service.at\/page\/author\/admin\/"},"uagb_comment_info":0,"uagb_excerpt":"Unser Team von erfahrenen Fachleuten steht Ihnen zur Verf\u00fcgung, um schnell und effizient zu handeln. Wir verstehen, dass solche Situationen stressig sein k\u00f6nnen, daher ist es unser Ziel, Ihnen einen zuverl\u00e4ssigen und professionellen Service zu bieten. Einbruch Bei Ihnen wurde eingebrochen &#8211; melden Sie sich!Wir schieben Ihr Anliegen kurzfristig in unseren Arbeitstag ein, um Ihr&hellip;","_links":{"self":[{"href":"https:\/\/www.lechner-service.at\/page\/wp-json\/wp\/v2\/pages\/212","targetHints":{"allow":["GET"]}}],"collection":[{"href":"https:\/\/www.lechner-service.at\/page\/wp-json\/wp\/v2\/pages"}],"about":[{"href":"https:\/\/www.lechner-service.at\/page\/wp-json\/wp\/v2\/types\/page"}],"author":[{"embeddable":true,"href":"https:\/\/www.lechner-service.at\/page\/wp-json\/wp\/v2\/users\/1"}],"replies":[{"embeddable":true,"href":"https:\/\/www.lechner-service.at\/page\/wp-json\/wp\/v2\/comments?post=212"}],"version-history":[{"count":8,"href":"https:\/\/www.lechner-service.at\/page\/wp-json\/wp\/v2\/pages\/212\/revisions"}],"predecessor-version":[{"id":700,"href":"https:\/\/www.lechner-service.at\/page\/wp-json\/wp\/v2\/pages\/212\/revisions\/700"}],"wp:attachment":[{"href":"https:\/\/www.lechner-service.at\/page\/wp-json\/wp\/v2\/media?parent=212"}],"curies":[{"name":"wp","href":"https:\/\/api.w.org\/{rel}","templated":true}]}}